{"id":39,"date":"2015-05-05T15:35:35","date_gmt":"2015-05-05T15:35:35","guid":{"rendered":"http:\/\/www.fedetabacofondo.org.co\/home\/?page_id=39"},"modified":"2016-04-21T22:48:58","modified_gmt":"2016-04-21T22:48:58","slug":"quienes-somos","status":"publish","type":"page","link":"http:\/\/www.fedetabacofondo.org.co\/home\/quienes-somos\/","title":{"rendered":"Quienes Somos &#8211; FEDETABACO"},"content":{"rendered":"<h3 style=\"text-align: center;\"><strong>Marco Corporativo\u00a0<\/strong><\/h3>\n<p style=\"text-align: center;\">La Federaci\u00f3n Nacional de Productores de Tabaco FEDETABACO es un Gremio de segundo,\u00a0 grado que representa a los cultivadores de tabaco del pa\u00eds y la constituyen las organizaciones de Productores\u00a0 de\u00a0 tabaco existentes en el territorio nacional; fundado\u00a0 en el Primer Congreso Nacional tabacalero realizado en Julio de 1.994 y reconocido por el Ministerio de Agricultura y Desarrollo Rural mediante Resoluci\u00f3n 00081 de 9 de Marzo de 1.995 y con N\u00famero de Identificaci\u00f3n Tributaria 830002894-8.<\/p>\n<p style=\"text-align: center;\">.<\/p>\n<h3 style=\"text-align: center;\"><strong>Objetivo General<\/strong><\/h3>\n<p>Propiciar en las comunidades tabacaleras \u00a0y en general, en los productores \u00a0agropecuarios\u00a0del territorio nacional\u00a0espacios de participaci\u00f3n \u00a0para \u00a0el desarrollo de planes, proyectos \u00a0y programas \u00a0 para el desarrollo rural, agropecuario, forestal, pisc\u00edcola, ambiental, social, cultural y pol\u00edtico que les permitan reivindicar sus derechos para mejorar sus condiciones de vida.<\/p>\n<p style=\"text-align: center;\">.<\/p>\n<h3 style=\"text-align: center;\"><\/h3>\n<p><img loading=\"lazy\" decoding=\"async\" class=\" wp-image-703 alignright\" src=\"http:\/\/www.fedetabacofondo.org.co\/home\/wp-content\/uploads\/2015\/05\/mision_trans.png\" alt=\"mision_trans\" width=\"196\" height=\"174\" \/><br \/>\nContribuir a mejorar la calidad de vida de los cultivadores de tabaco de Colombia y en general en los productores agropecuarios \u00a0del territorio nacional, \u00a0a trav\u00e9s del desarrollo de acciones enfocadas \u00a0en la agregaci\u00f3n \u00a0del valor econ\u00f3mico, social, ambiental y cultural; \u00a0as\u00ed como fortalecer \u00a0la base organizativa para que las comunidades tabacaleras \u00a0y los productores agropecuarios participen en espacios de decisi\u00f3n en el nivel local, regional y nacional\u00a0.<\/p>\n<h3 style=\"text-align: center;\">.<\/h3>\n<h3 style=\"text-align: center;\"><\/h3>\n<p style=\"text-align: center;\"><a href=\"http:\/\/www.fedetabacofondo.org.co\/home\/wp-content\/uploads\/2015\/05\/vision_trans.png\"><img loading=\"lazy\" decoding=\"async\" class=\"alignleft wp-image-702 \" src=\"http:\/\/www.fedetabacofondo.org.co\/home\/wp-content\/uploads\/2015\/05\/vision_trans.png\" alt=\"vision_trans\" width=\"190\" height=\"168\" \/><\/a><\/p>\n<p>FEDETABACO es una organizaci\u00f3n gremial, generadora de desarrollo econ\u00f3mico, social, ambiental y cultural, que en alianza con instituciones p\u00fablicas y privadas, le permiten ser l\u00edderes en el sector agropecuario, que dentro de un ambiente digno y de respeto por la naturaleza, contribuyendo \u00a0a mejorar la calidad de vida \u00a0y las capacidades de sus agremiados y de los productores agropecuarios.<\/p>\n","protected":false},"excerpt":{"rendered":"<p>Marco Corporativo\u00a0 La Federaci\u00f3n Nacional de Productores de Tabaco FEDETABACO es un Gremio de segundo,\u00a0 grado que representa a los cultivadores de tabaco del pa\u00eds y la constituyen las organizaciones de Productores\u00a0 de\u00a0 tabaco existentes en el territorio nacional; fundado\u00a0 en el Primer Congreso Nacional tabacalero realizado en Julio de 1.994 y reconocido por el [&hellip;]<\/p>\n","protected":false},"author":3,"featured_media":0,"parent":0,"menu_order":0,"comment_status":"closed","ping_status":"closed","template":"","meta":{"footnotes":""},"class_list":["post-39","page","type-page","status-publish","hentry"],"_links":{"self":[{"href":"http:\/\/www.fedetabacofondo.org.co\/home\/wp-json\/wp\/v2\/pages\/39","targetHints":{"allow":["GET"]}}],"collection":[{"href":"http:\/\/www.fedetabacofondo.org.co\/home\/wp-json\/wp\/v2\/pages"}],"about":[{"href":"http:\/\/www.fedetabacofondo.org.co\/home\/wp-json\/wp\/v2\/types\/page"}],"author":[{"embeddable":true,"href":"http:\/\/www.fedetabacofondo.org.co\/home\/wp-json\/wp\/v2\/users\/3"}],"replies":[{"embeddable":true,"href":"http:\/\/www.fedetabacofondo.org.co\/home\/wp-json\/wp\/v2\/comments?post=39"}],"version-history":[{"count":36,"href":"http:\/\/www.fedetabacofondo.org.co\/home\/wp-json\/wp\/v2\/pages\/39\/revisions"}],"predecessor-version":[{"id":833,"href":"http:\/\/www.fedetabacofondo.org.co\/home\/wp-json\/wp\/v2\/pages\/39\/revisions\/833"}],"wp:attachment":[{"href":"http:\/\/www.fedetabacofondo.org.co\/home\/wp-json\/wp\/v2\/media?parent=39"}],"curies":[{"name":"wp","href":"https:\/\/api.w.org\/{rel}","templated":true}]}}