{"id":514,"date":"2015-05-21T21:05:04","date_gmt":"2015-05-21T21:05:04","guid":{"rendered":"http:\/\/www.fedetabacofondo.org.co\/home\/?page_id=514"},"modified":"2015-05-21T21:06:27","modified_gmt":"2015-05-21T21:06:27","slug":"proyectos-2010-fedetabaco","status":"publish","type":"page","link":"http:\/\/www.fedetabacofondo.org.co\/home\/proyectos-2010-fedetabaco\/","title":{"rendered":"Proyectos 2010 &#8211; Fedetabaco"},"content":{"rendered":"<div class=\"su-divider su-divider-style-double\" style=\"margin:25px 0;border-width:6px;border-color:#31c63f\"><\/div>\n<strong>NOMBRE:\u00a0<\/strong>Apoyo financiero al desarrollo de proyectos productivos en \u00e1reas de econom\u00eda campesina.<\/p>\n<p><strong>LOCALIZACI\u00d3N:\u00a0<\/strong>Municipios de Aratoca, Barichara, Cabrera, Curiti, Jordan, Mogotes, Onzaga, Paramo, Pinchote, San Gil, San Joaquin, Villanueva, Galan, Socorro, Palmas del Socorro, Zapatoca, Giron, Los Santos, Piedecuesta, Capitanejo, Carcasi, Conscepcion, Enciso, Macaravita, Malaga, Molagavita, San Jose de Miranda, San Miguel, Cepita, San Andres, Palmar, Barrancabermeja, Cimitarra, San Vicente de Chucuri, Puerto Parra, Sabana de Torres, El Carmen de Chucuri, Puerto Wilches, Tona y Lebrija.<\/p>\n<p><strong>FAMILIAS BENEFICIADAS:<\/strong>\u00a01.500<\/p>\n<div class=\"su-divider su-divider-style-double\" style=\"margin:25px 0;border-width:6px;border-color:#31c63f\"><\/div>\n<strong>NOMBRE:<\/strong>\u00a0Apoyo para el mejoramiento gen\u00e9tico ovino caprino en las provincias de Garc\u00eda Rovira, Guanenta, Comunera y Soto.<\/p>\n<p><strong>LOCALIZACI\u00d3N:\u00a0<\/strong>Provincias de Garc\u00eda Rovira, Guanenta, Comunera y Soto, Dpto de Santander.<\/p>\n<p><strong>FAMILIAS BENEFICIADAS:<\/strong>\u00a0&#8211;*&#8211;<\/p>\n<div class=\"su-divider su-divider-style-double\" style=\"margin:25px 0;border-width:6px;border-color:#31c63f\"><\/div>\n<strong>NOMBRE:\u00a0<\/strong>Seguridad alimentaria para la poblaci\u00f3n rural ubicada en \u00e1reas de econom\u00eda campesina.<\/p>\n<p><strong>LOCALIZACI\u00d3N:\u00a0<\/strong>Municipios de Pinchote, Cabrera, Onzaga, Capitanejo, Enciso, San Jos\u00e9 de Miranda, Jordan Sube, Los Santos, Giron, Piedecuesta y Paramo &#8211; \u00a0Dpto de Santander.<\/p>\n<p><strong>FAMILIAS BENEFICIADAS:<\/strong>\u00a0270<\/p>\n<div class=\"su-divider su-divider-style-double\" style=\"margin:25px 0;border-width:6px;border-color:#31c63f\"><\/div>\n<strong>NOMBRE:\u00a0<\/strong>Asistencia t\u00e9cnica agropecuaria para los peque\u00f1os y medianos productores : BPA, BPM y BPG.<\/p>\n<p><strong>LOCALIZACI\u00d3N:\u00a0<\/strong>Municipio de San Gil, Dpto Santander.<\/p>\n<p><strong>FAMILIAS BENEFICIADAS:<\/strong>\u00a0109<\/p>\n<div class=\"su-divider su-divider-style-double\" style=\"margin:25px 0;border-width:6px;border-color:#31c63f\"><\/div>\n<strong>NOMBRE:<\/strong>\u00a0Apoyo a los productores del Departamento en la participaci\u00f3n y realizaci\u00f3n de eventos de comercializaci\u00f3n y modernizaci\u00f3n agropecuaria Argentina<\/p>\n<p><strong>LOCALIZACI\u00d3N:\u00a0<\/strong>Departamento de Santander.<\/p>\n<p><strong>FAMILIAS BENEFICIADAS:<\/strong>\u00a08<\/p>\n<div class=\"su-divider su-divider-style-double\" style=\"margin:25px 0;border-width:6px;border-color:#31c63f\"><\/div>\n<strong>NOMBRE:\u00a0<\/strong>Apoyo a los productores del Dto de Santander en la participaci\u00f3n y realizaci\u00f3n de eventos de comercializaci\u00f3n y modernizaci\u00f3n agropecuaria y agroindustrial a nivel regional, nacional e internacional.<\/p>\n<p><strong>LOCALIZACI\u00d3N:\u00a0<\/strong>Departamento de Santander.<\/p>\n<p><strong>FAMILIAS BENEFICIADAS:<\/strong>\u00a07<\/p>\n<div class=\"su-divider su-divider-style-double\" style=\"margin:25px 0;border-width:6px;border-color:#31c63f\"><\/div>\n<strong>NOMBRE:\u00a0<\/strong>Apoyo al fortalecimiento de la producci\u00f3n tabacalera.<\/p>\n<p><strong>LOCALIZACI\u00d3N:\u00a0<\/strong>Municipio de Piedecuesta, Dpto de Santander.<\/p>\n<p><strong>FAMILIAS BENEFICIADAS:<\/strong>\u00a020<\/p>\n<div class=\"su-divider su-divider-style-double\" style=\"margin:25px 0;border-width:6px;border-color:#31c63f\"><\/div>\n<strong>NOMBRE:<\/strong>\u00a0Apoyo a la realizaci\u00f3n de feria tabacalera en el Municipio de Gir\u00f3n.<\/p>\n<p><strong>LOCALIZACI\u00d3N:\u00a0<\/strong>Municipio de Giron, Dpto Santander.<\/p>\n<p><strong>FAMILIAS BENEFICIADAS:<\/strong>\u00a0&#8211;*&#8211;<\/p>\n<div class=\"su-divider su-divider-style-double\" style=\"margin:25px 0;border-width:6px;border-color:#31c63f\"><\/div>\n<strong>NOMBRE:\u00a0<\/strong>Apoyo al primer encuentro regional de tabacaleros a realizarse en el Municipio de San Gil.<\/p>\n<p><strong>LOCALIZACI\u00d3N:\u00a0<\/strong>Municipio de San Gil, Dpto Santander.<\/p>\n<p><strong>FAMILIAS BENEFICIADAS:<\/strong>\u00a0100<\/p>\n<div class=\"su-divider su-divider-style-double\" style=\"margin:25px 0;border-width:6px;border-color:#31c63f\"><\/div>\n<strong>NOMBRE:\u00a0<\/strong>Apoyo participaci\u00f3n productores de tabaco asamblea latinoamericana de cultivadores de tabaco Brasil.<\/p>\n<p><strong>LOCALIZACI\u00d3N:\u00a0<\/strong>Departamento de Santander.<\/p>\n<p><strong>FAMILIAS BENEFICIADAS:<\/strong>\u00a04<\/p>\n<div class=\"su-divider su-divider-style-double\" style=\"margin:25px 0;border-width:6px;border-color:#31c63f\"><\/div>\n<strong>NOMBRE:\u00a0<\/strong>Apoyo\u00a0 para la producci\u00f3n, comercializaci\u00f3n y manejo post-cosecha aplicando buenas pr\u00e1cticas agr\u00edcolas en tabaco.<\/p>\n<p><strong>LOCALIZACI\u00d3N:<\/strong>\u00a0Municipios de Villanueva, Curit\u00ed, San Gil y Barichara &#8211; Dpto de Santander.<\/p>\n<p><strong>FAMILIAS BENEFICIADAS:<\/strong>\u00a08<\/p>\n<div class=\"su-divider su-divider-style-double\" style=\"margin:25px 0;border-width:6px;border-color:#31c63f\"><\/div>\n<strong>NOMBRE:\u00a0<\/strong>Apoyo al fortalecimiento de la producci\u00f3n tabacalera.<\/p>\n<p><strong>LOCALIZACI\u00d3N:\u00a0<\/strong>Municipio de Cepita, Dpto de Santander.<\/p>\n<p><strong>FAMILIAS BENEFICIADAS:<\/strong>\u00a020<\/p>\n<div class=\"su-divider su-divider-style-double\" style=\"margin:25px 0;border-width:6px;border-color:#31c63f\"><\/div>\n<strong>NOMBRE:\u00a0<\/strong>Apoyo para la construcci\u00f3n de un caney y sala de fermentaci\u00f3n con calor controlado para la producci\u00f3n de cigarros.<\/p>\n<p><strong>LOCALIZACI\u00d3N:\u00a0<\/strong>Municipio de Villanueva, Dpto de Santander.<\/p>\n<p><strong>FAMILIAS BENEFICIADAS:<\/strong>\u00a020<\/p>\n<div class=\"su-divider su-divider-style-double\" style=\"margin:25px 0;border-width:6px;border-color:#31c63f\"><\/div>\n<strong>NOMBRE:\u00a0<\/strong>Apoyo fortalecimiento de la producci\u00f3n tabacaleras.<\/p>\n<p><strong>LOCALIZACI\u00d3N:\u00a0<\/strong>Municipio de Piedecuesta, Dpto de Santander.<\/p>\n<p><strong>FAMILIAS BENEFICIADAS:<\/strong>\u00a0&#8211;*&#8211;<\/p>\n<div class=\"su-divider su-divider-style-double\" style=\"margin:25px 0;border-width:6px;border-color:#31c63f\"><\/div>\n<strong>NOMBRE:\u00a0<\/strong>Estudio t\u00e9cnico sobre la identificaci\u00f3n de alternativas de agua para el establecimiento de Sistema de Riego para la producci\u00f3n agropecuaria y forestal en la zona rural de Guane.<\/p>\n<p><strong>LOCALIZACI\u00d3N:<\/strong>\u00a0Municipio de Guane, Dpto de Santander.<\/p>\n<p><strong>FAMILIAS BENEFICIADAS:<\/strong>&#8211;*&#8211;<\/p>\n<div class=\"su-divider su-divider-style-double\" style=\"margin:25px 0;border-width:6px;border-color:#31c63f\"><\/div>\n","protected":false},"excerpt":{"rendered":"<p>NOMBRE:\u00a0Apoyo financiero al desarrollo de proyectos productivos en \u00e1reas de econom\u00eda campesina. LOCALIZACI\u00d3N:\u00a0Municipios de Aratoca, Barichara, Cabrera, Curiti, Jordan, Mogotes, Onzaga, Paramo, Pinchote, San Gil, San Joaquin, Villanueva, Galan, Socorro, Palmas del Socorro, Zapatoca, Giron, Los Santos, Piedecuesta, Capitanejo, Carcasi, Conscepcion, Enciso, Macaravita, Malaga, Molagavita, San Jose de Miranda, San Miguel, Cepita, San Andres, Palmar, [&hellip;]<\/p>\n","protected":false},"author":3,"featured_media":0,"parent":0,"menu_order":0,"comment_status":"closed","ping_status":"closed","template":"","meta":{"footnotes":""},"class_list":["post-514","page","type-page","status-publish","hentry"],"_links":{"self":[{"href":"http:\/\/www.fedetabacofondo.org.co\/home\/wp-json\/wp\/v2\/pages\/514","targetHints":{"allow":["GET"]}}],"collection":[{"href":"http:\/\/www.fedetabacofondo.org.co\/home\/wp-json\/wp\/v2\/pages"}],"about":[{"href":"http:\/\/www.fedetabacofondo.org.co\/home\/wp-json\/wp\/v2\/types\/page"}],"author":[{"embeddable":true,"href":"http:\/\/www.fedetabacofondo.org.co\/home\/wp-json\/wp\/v2\/users\/3"}],"replies":[{"embeddable":true,"href":"http:\/\/www.fedetabacofondo.org.co\/home\/wp-json\/wp\/v2\/comments?post=514"}],"version-history":[{"count":3,"href":"http:\/\/www.fedetabacofondo.org.co\/home\/wp-json\/wp\/v2\/pages\/514\/revisions"}],"predecessor-version":[{"id":518,"href":"http:\/\/www.fedetabacofondo.org.co\/home\/wp-json\/wp\/v2\/pages\/514\/revisions\/518"}],"wp:attachment":[{"href":"http:\/\/www.fedetabacofondo.org.co\/home\/wp-json\/wp\/v2\/media?parent=514"}],"curies":[{"name":"wp","href":"https:\/\/api.w.org\/{rel}","templated":true}]}}