{"id":529,"date":"2015-05-21T21:58:16","date_gmt":"2015-05-21T21:58:16","guid":{"rendered":"http:\/\/www.fedetabacofondo.org.co\/home\/?page_id=529"},"modified":"2015-05-24T21:33:45","modified_gmt":"2015-05-24T21:33:45","slug":"proyectos-2010-fnt","status":"publish","type":"page","link":"http:\/\/www.fedetabacofondo.org.co\/home\/proyectos-2010-fnt\/","title":{"rendered":"Proyectos 2010 &#8211; FNT"},"content":{"rendered":"<div class=\"su-divider su-divider-style-double\" style=\"margin:25px 0;border-width:6px;border-color:#31c63f\"><\/div>\n<p><strong>NOMBRE:\u00a0<\/strong>Construcci\u00f3n de biodigestores tipo chino permanentes\u00a0 para las familias tabacaleras.<\/p>\n<p><strong>LOCALIZACI\u00d3N:\u00a0<\/strong>Municipios de Capitanejo y Enciso, Dpto Santander.<\/p>\n<p><strong>FAMILIAS BENEFICIADAS: <\/strong>46<\/p>\n<div class=\"su-divider su-divider-style-double\" style=\"margin:25px 0;border-width:6px;border-color:#31c63f\"><\/div>\n<p><strong>NOMBRE: <\/strong>Construcci\u00f3n\u00a0de biodigestores tipo chino permanentes\u00a0 para las familias tabacaleras.<\/p>\n<p><strong>LOCALIZACI\u00d3N:\u00a0<\/strong>Municipios de Capitanejo y Enciso, Dpto Santander.<\/p>\n<p><strong>FAMILIAS BENEFICIADAS: <\/strong>500<\/p>\n<div class=\"su-divider su-divider-style-double\" style=\"margin:25px 0;border-width:6px;border-color:#31c63f\"><\/div>\n<p><strong>NOMBRE: <\/strong>Adecuaci\u00f3n y mejoramiento de la infraestructura de las\u00a0bater\u00edas\u00a0de hornos\u00a0en la zona tabacaleras.<\/p>\n<p><strong>LOCALIZACI\u00d3N:\u00a0<\/strong>Municipio Garz\u00f3n, Altamira, el Agrado, Campo Alegre y Rivera, Dpto del Huila.<\/p>\n<p><strong>FAMILIAS BENEFICIADAS: <\/strong>62<\/p>\n<div class=\"su-divider su-divider-style-double\" style=\"margin:25px 0;border-width:6px;border-color:#31c63f\"><\/div>\n<p><strong>NOMBRE: <\/strong>Adecuaci\u00f3n y mejoramiento de la infraestructura de los caneyes para el secado, almacenamiento y\u00a0clasificaci\u00f3n\u00a0del tabaco de\u00a0 100 familias.<\/p>\n<p><strong>LOCALIZACI\u00d3N:\u00a0<\/strong>Municipio de Abrego, Dpto de Norte de Santander.<\/p>\n<p><strong>FAMILIAS BENEFICIADAS: <\/strong>100<\/p>\n<div class=\"su-divider su-divider-style-double\" style=\"margin:25px 0;border-width:6px;border-color:#31c63f\"><\/div>\n<p><strong>NOMBRE: <\/strong>Edici\u00f3n de material informativo sobre los programas de los 10 a\u00f1os del fondo nacional del tabaco.<\/p>\n<p><strong>LOCALIZACI\u00d3N:\u00a0<\/strong>&#8211;*&#8211;<\/p>\n<p><strong>FAMILIAS BENEFICIADAS:\u00a0<\/strong>&#8211;*&#8211;<\/p>\n<div class=\"su-divider su-divider-style-double\" style=\"margin:25px 0;border-width:6px;border-color:#31c63f\"><\/div>\n<p><strong>NOMBRE: <\/strong>Adecuaci\u00f3n y mejoramiento de jagueyes para la recolecci\u00f3n de aguas lluvias de las familias de las veredas tabacalera.<\/p>\n<p><strong>LOCALIZACI\u00d3N:\u00a0<\/strong>Municipios de Villanueva,\u00a0 Barichara, Curiti, San Gil, Aratoca, Giron, Cabrera y Los Santos, Dpto de Santander.<\/p>\n<p><strong>FAMILIAS BENEFICIADAS:\u00a0<\/strong>300<\/p>\n<div class=\"su-divider su-divider-style-double\" style=\"margin:25px 0;border-width:6px;border-color:#31c63f\"><\/div>\n<p><strong>NOMBRE: <\/strong>Adecuaci\u00f3n y mejoramiento del acueducto pozo ancho, vereda el barzal.<\/p>\n<p><strong>LOCALIZACI\u00d3N:\u00a0<\/strong>Municipio de Malaga, Dpto de Santander.<\/p>\n<p><strong>FAMILIAS BENEFICIADAS: <\/strong>25<\/p>\n<div class=\"su-divider su-divider-style-double\" style=\"margin:25px 0;border-width:6px;border-color:#31c63f\"><\/div>\n<p><strong>NOMBRE:\u00a0<\/strong>Implementaci\u00f3n de un programa de seguridad alimentaria, mediante la diversificaci\u00f3n con ma\u00edz y fr\u00edjol en las zonas tabacaleras de siete Departamentos.<\/p>\n<p><strong>LOCALIZACI\u00d3N:\u00a0<\/strong>Departamentos de Santander, Norte de Santander, Boyaca, Huila, Tolima, Bolivar y Sucre.<\/p>\n<p><strong>FAMILIAS BENEFICIADAS:\u00a0<\/strong>1315<\/p>\n<div class=\"su-divider su-divider-style-double\" style=\"margin:25px 0;border-width:6px;border-color:#31c63f\"><\/div>\n","protected":false},"excerpt":{"rendered":"<p>NOMBRE:\u00a0Construcci\u00f3n de biodigestores tipo chino permanentes\u00a0 para las familias tabacaleras. LOCALIZACI\u00d3N:\u00a0Municipios de Capitanejo y Enciso, Dpto Santander. FAMILIAS BENEFICIADAS: 46 NOMBRE: Construcci\u00f3n\u00a0de biodigestores tipo chino permanentes\u00a0 para las familias tabacaleras. LOCALIZACI\u00d3N:\u00a0Municipios de Capitanejo y Enciso, Dpto Santander. FAMILIAS BENEFICIADAS: 500 NOMBRE: Adecuaci\u00f3n y mejoramiento de la infraestructura de las\u00a0bater\u00edas\u00a0de hornos\u00a0en la zona tabacaleras. LOCALIZACI\u00d3N:\u00a0Municipio Garz\u00f3n, [&hellip;]<\/p>\n","protected":false},"author":3,"featured_media":0,"parent":0,"menu_order":0,"comment_status":"closed","ping_status":"closed","template":"","meta":{"footnotes":""},"class_list":["post-529","page","type-page","status-publish","hentry"],"_links":{"self":[{"href":"http:\/\/www.fedetabacofondo.org.co\/home\/wp-json\/wp\/v2\/pages\/529","targetHints":{"allow":["GET"]}}],"collection":[{"href":"http:\/\/www.fedetabacofondo.org.co\/home\/wp-json\/wp\/v2\/pages"}],"about":[{"href":"http:\/\/www.fedetabacofondo.org.co\/home\/wp-json\/wp\/v2\/types\/page"}],"author":[{"embeddable":true,"href":"http:\/\/www.fedetabacofondo.org.co\/home\/wp-json\/wp\/v2\/users\/3"}],"replies":[{"embeddable":true,"href":"http:\/\/www.fedetabacofondo.org.co\/home\/wp-json\/wp\/v2\/comments?post=529"}],"version-history":[{"count":3,"href":"http:\/\/www.fedetabacofondo.org.co\/home\/wp-json\/wp\/v2\/pages\/529\/revisions"}],"predecessor-version":[{"id":540,"href":"http:\/\/www.fedetabacofondo.org.co\/home\/wp-json\/wp\/v2\/pages\/529\/revisions\/540"}],"wp:attachment":[{"href":"http:\/\/www.fedetabacofondo.org.co\/home\/wp-json\/wp\/v2\/media?parent=529"}],"curies":[{"name":"wp","href":"https:\/\/api.w.org\/{rel}","templated":true}]}}